
True
Is 940 a multiple of 4?
True
Does 14 divide 4612?
False
Is 43 a factor of 5671?
False
Is 4140 a multiple of 15?
True
Does 23 divide 575?
True
Is 5 a factor of 6106?
False
Is 27 a factor of 7135?
False
Does 55 divide 28367?
False
Is 168 a factor of 14784?
True
Does 17 divide 8047?
False
Is 12 a factor of 816?
True
Is 3160 a multiple of 10?
True
Does 22 divide 4818?
True
Does 46 divide 644?
True
Is 1582 a multiple of 27?
False
Does 9 divide 756?
True
Does 83 divide 59701?
False
Is 4 a factor of 3818?
False
Does 2 divide 655?
False
Is 17 a factor of 1597?
False
Does 4 divide 148?
True
Is 52 a factor of 5633?
False
Is 775 a multiple of 10?
False
Is 7483 a multiple of 7?
True
Does 26 divide 119522?
True
Is 736 a multiple of 7?
False
Does 7 divide 5236?
True
Does 32 divide 3008?
True
Is 41 a factor of 6549?
False
Is 32 a factor of 95456?
True
Is 4365 a multiple of 45?
True
Is 20 a factor of 540?
True
Is 8 a factor of 29604?
False
Does 20 divide 4642?
False
Is 12 a factor of 276?
True
Is 45324 a multiple of 250?
False
Is 20477 a multiple of 18?
False
Is 2262 a multiple of 83?
False
Does 8 divide 7720?
True
Does 5 divide 812?
False
Is 11 a factor of 712?
False
Is 2488 a multiple of 8?
True
Does 6 divide 3138?
True
Does 4 divide 7612?
True
Is 21087 a multiple of 99?
True
Does 78 divide 150384?
True
Is 66 a factor of 6978?
False
Is 41 even?
False
Does 30 divide 9395?
False
Is 10810 a multiple of 10?
True
Does 11 divide 260?
False
Does 41 divide 84337?
True
Does 12 divide 2124?
True
Is 14108 a multiple of 102?
False
Does 63 divide 50209?
False
Is 464 a multiple of 3?
False
Is 34 a factor of 2652?
True
Does 46 divide 31408?
False
Is 50 a factor of 84?
False
Is 1273 a multiple of 9?
False
Is 12675 a multiple of 195?
True
Is 39 a factor of 44990?
False
Does 28 divide 5348?
True
Does 56 divide 6226?
False
Is 2780 a multiple of 12?
False
Is 3 a factor of 20772?
True
Does 10 divide 14777?
False
Is 215 a factor of 34400?
True
Is 17 a factor of 4487?
False
Is 16092 a multiple of 108?
True
Is 133008 a multiple of 34?
True
Does 32 divide 704?
True
Does 88 divide 479?
False
Does 49 divide 17401?
False
Is 20020 a multiple of 52?
True
Is 102 a factor of 408?
True
Is 25 a factor of 1675?
True
Is 99 a factor of 2105?
False
Is 6413 a multiple of 7?
False
Is 50 a factor of 72958?
False
Is 698 a multiple of 7?
False
Does 2 divide 36?
True
Does 74 divide 6554?
False
Is 5 a factor of 22855?
True
Does 52 divide 36556?
True
Is 6 a factor of 22578?
True
Does 29 divide 4889?
False
Is 1596 a multiple of 57?
True
Is 69 a factor of 8970?
True
Is 29 a factor of 649?
False
Is 119 a factor of 17235?
False
Is 9906 a multiple of 78?
True
Is 21 a factor of 462?
True
Is 53 a factor of 2650?
True
Is 37 a factor of 63?
False
Does 7 divide 1295?
True
Is 55 a factor of 660?
True
Does 4 divide 19288?
True
Does 86 divide 47386?
True
Is 30883 a multiple of 11?
False
Does 9 divide 1818?
True
Is 5734 a multiple of 61?
True
Is 73 a factor of 1796?
False
Does 13 divide 4440?
False
Is 2365 a multiple of 55?
True
Does 16 divide 53912?
False
Is 219 a multiple of 9?
False
Is 13065 a multiple of 15?
True
Is 1010 a multiple of 13?
False
Does 10 divide 1310?
True
Is 4902 a multiple of 43?
True
Is 163 a factor of 96285?
False
Is 968 a multiple of 11?
True
Is 27179 a multiple of 13?
False
Does 10 divide 3530?
True
Is 24 a multiple of 8?
True
Is 5350 a multiple of 8?
False
Does 10 divide 26139?
False
Does 15 divide 24060?
True
Is 13608 a multiple of 36?
True
Is 11561 a multiple of 11?
True
Does 76 divide 752?
False
Is 9 a factor of 220?
False
Is 208 a multiple of 11?
False
Is 140 a factor of 2940?
True
Is 8924 a multiple of 23?
True
Does 12 divide 483?
False
Does 76 divide 2121?
False
Is 28 a factor of 62033?
False
Does 24 divide 840?
True
Is 1038 a multiple of 21?
False
Is 879 a multiple of 13?
False
Is 1130 a multiple of 50?
False
Is 2124 a multiple of 6?
True
Is 10 a factor of 291?
False
Does 8 divide 13386?
False
Is 2502 a multiple of 7?
False
Is 7 a factor of 387?
False
Is 6675 a multiple of 5?
True
Is 3970 a multiple of 156?
False
Is 23 a factor of 34?
False
Does 10 divide 16810?
True
Is 79698 a multiple of 50?
False
Is 57 a multiple of 2?
False
Is 1171 a multiple of 14?
False
Is 14 a factor of 1204?
True
Does 17 divide 13108?
False
Does 4 divide 1842?
False
Is 19 a factor of 26144?
True
Is 46 a factor of 10902?
True
Does 3 divide 342?
True
Does 13 divide 481?
True
Is 21 a factor of 1869?
True
Does 48 divide 896?
False
Does 9 divide 81?
True
Is 4080 a multiple of 20?
True
Is 165 a multiple of 2?
False
Is 9 a factor of 1863?
True
Does 32 divide 884?
False
Is 2480 a multiple of 16?
True
Is 1510 a multiple of 100?
False
Does 13 divide 4641?
True
Does 79 divide 2528?
True
Does 95 divide 1011?
False
Does 9 divide 4232?
False
Does 21 divide 113?
False
Is 3295 a multiple of 10?
False
Is 1145 a multiple of 28?
False
Does 21 divide 543?
False
Does 43 divide 903?
True
Is 477 a multiple of 9?
True
Is 65 a factor of 455?
True
Does 75 divide 3653?
False
Is 95 a multiple of 5?
True
Does 72 divide 98753?
False
Is 10207 a multiple of 72?
False
Is 27966 a multiple of 158?
True
Does 25 divide 4955?
False
Is 140 a multiple of 8?
False
Does 29 divide 6635?
False
Does 45 divide 1966?
False
Is 27 a factor of 766?
False
Does 66 divide 5544?
True
Is 19 a factor of 950?
True
Is 8 a factor of 352?
True
Is 124 a factor of 48484?
True
Is 1021 a multiple of 90?
False
Is 105 a multiple of 3?
True
Is 3 a factor of 28245?
True
Is 42544 a multiple of 17?
False
Does 18 divide 10962?
True
Does 126 divide 11292?
False
Is 698 a multiple of 10?
False
Does 22 divide 39?
False
Does 24 divide 2256?
True
Does 16 divide 53664?
True
Is 27 a factor of 2373?
False
Is 5016 a multiple of 3?
True
Is 18 a factor of 3921?
False
Is 65156 a multiple of 52?
True
Is 1218 a multiple of 87?
True
Does 14 divide 1148?
True
Is 36 a factor of 432?
True
Is 3361 a multiple of 99?
False
Is 2880 a multiple of 40?
True
Is 1280 a multiple of 40?
True
Does 16 divide 22912?
True
Is 920 a multiple of 10?
True
Is 32 a factor of 707?
False
Is 48 a factor of 1044?
False
Does 24 divide 179?
False
Does 126 divide 4410?
True
Does 21 divide 5502?
True
Does 43 divide 1308?
False
Is 144 a multiple of 3?
True
Is 106 a factor of 4346?
True
Is 84 a factor of 1653?
False
Does 28 divide 929?
False
Does 7 divide 40215?
True
Does 7 divide 43162?
True
Is 1246 a multiple of 14?
True
Is 9968 a multiple of 49?
False
Does 16 divide 246?
False
Is 22 a factor of 1521?
False
Does 12 divide 4236?
True
Is 19 a factor of 608?
True
Is 11560 a multiple of 11?
False
Does 21 divide 2016?
True
Is 220 a multiple of 55?
True
Does 2 divide 27?
False
Is 19 a factor of 1646?
False
Is 8633 a multiple of 247?
False
Is 176 even?
True
Is 8 a factor of 7787?
False
Does 84 divide 3276?
True
Is 121 a factor of 12228?
False
Does 5 divide 8995?
True
Does 153 divide 90578?
False
Is 77 a factor of 8149?
False
Is 7056 a multiple of 21?
True
Is 17 a factor of 3009?
True
Does 16 divide 54064?
True
Is 92 a factor of 1045?
False
Does 20 divide 44500?
True
Is 29 a factor of 3538?
True
Is 2255 a multiple of 69?
False
Does 36 divide 3594?
False
Does 41 divide 4264?
True
Is 6225 a multiple of 25?
True
Is 16 a factor of 8320?
True
Is 29 a factor of 4437?
True
Is 9 a factor of 18?
True
Does 48 divide 10272?
True
Is 257 a multiple of 17?
False
Is 7 a factor of 882?
True
Is 3 a factor of 19649?
False
Does 95 divide 145311?
False
Is 2400 a multiple of 12?
True
Does 3 divide 226?
False
Is 17 a factor of 476?
True
Is 5 a factor of 143?
False
Does 3 divide 667?
False
Is 13 a factor of 15?
False
Is 98 a factor of 21854?
True
Is 7390 a multiple of 10?
True
Does 33 divide 858?
True
Is 6 a factor of 1610?
False
Is 4008 a multiple of 6?
True
Is 80 a factor of 42640?
True
Does 11 divide 1089?
True
Is 19 a factor of 57?
True
Does 70 divide 1967?
False
Is 25 a factor of 3575?
True
Is 1702 a multiple of 7?
False
Is 21009 a multiple of 72?
False
Does 157 divide 10103?
False
Is 72 a factor of 2088?
True
Is 12 a factor of 60?
True
Is 28639 a multiple of 12?
False
Does 10 divide 37286?
False
Is 816 a multiple of 16?
True
Does 10 divide 90?
True
Does 25 divide 2175?
True
Does 65 divide 6273?
False
Is 4127 a multiple of 3?
False
Is 6926 a